3 = 0. What are the prime factors of a(v)?
2, 3
Suppose 2*h - 36 = -l + 38, -3*h = 2*l - 113. Suppose -4*m + 5*m + 41 = -5*o, h = -m + o. List the prime factors of m/(-3) + 1 + -4.
3
Let l = -245 - -355. List the prime factors of l.
2, 5, 11
Let j = -4 - 0. Let r be (j - -9)*(-1)/(-1). What are the prime factors of (-8)/4 + r - -2?
5
Suppose 0 = 4*a - 0*a - 276. Let y = -15 + 17. Suppose -2*u = -3*p + 59, -p - 3*u + a = y*p. List the prime factors of p.
3, 7
Let c be (-9)/(-12) - 1082/(-8). Suppose -3*s - 25 + 169 = -3*a, -3*s = -a - c. What are the prime factors of s?
2, 11
Let k be (590/(-25))/(1/(-25)). Let x = 838 - k. List the prime factors of x.
2, 31
Let f be (-130)/(-39)*-3*1. Let d be (-1)/(-2)*(f - -4). List the prime factors of d + 16/4 + 36.
37
Let a(y) = 2*y**2 + 6*y + 5. Let s be ((-15)/9)/((-3)/(-9)). Let u be a(s). Suppose -3*q + 4*q = u. What are the prime factors of q?
5
Suppose -2*u = p - 6, 3*u + 3*p = -u + 12. Suppose -3*x - 3*i + 7*i + 264 = 0, 0 = x - u*i - 83. List the prime factors of x.
2, 23
Let s = -10 - -58. Let j = s - 29. List the prime factors of j.
19
Let m = 25 + -20. Let u(i) = 19*i + 2. List the prime factors of u(m).
97
Suppose -34*m = -32*m + 3*u - 2256, -u = 0. What are the prime factors of m?
2, 3, 47
Let u = 38 + -23. Let z(j) be the third derivative of j**4/12 + 7*j**3/3 + 2*j**2. List the prime factors of z(u).
2, 11
Suppose o - 48 = -3*o. Suppose -7*c + o*c = -175. Let t = -15 - c. What are the prime factors of t?
2, 5
List the prime factors of 4364*(-6)/(-144) - (-4)/24.
2, 7, 13
Let n = -1807 + 3288. What are the prime factors of n?
1481
Let z(f) = -8*f**3 + 3*f**2 + 2*f + 6. Let q be z(-3). Suppose -3*p + 5*y + 327 + q = 0, -4*p + 737 = y. List the prime factors of p/5 + (3 - 0).
2, 5
Let z = 20 + -16. Suppose 2*b + 87 = 5*k, -68 = -z*k + b + b. What are the prime factors of k?
19
List the prime factors of -327*(3 - 39/9).
2, 109
Let y(c) = -34*c + 64. Let w be y(10). Let g = w + 518. List the prime factors of g.
2, 11
Let h(y) = 24*y - 18. Let v(b) = -b + 1. Let c(t) = -5*h(t) - 90*v(t). Let g be c(-1). Suppose 0 = 4*f - 7*f + g. List the prime factors of f.
2, 5
Suppose 20 = -j + 5*j. Let x = j + -7. Let u(r) = -2*r**3 - 3*r**2. List the prime factors of u(x).
2
Suppose -10*t = -4*t - 84. Suppose 4191 = t*d + 1069. What are the prime factors of d?
223
Suppose -2*x - 6 = -3*k - 0*x, 5*k + 5*x - 35 = 0. Suppose -i + 3*f + k = -f, -2*f + 10 = 0. List the prime factors of i.
2, 3
Let o be 64 - (160/(-70) + 2/7). Let b = o - -162. List the prime factors of b.
2, 3, 19
Let k(i) = -i**3 + 4*i**2 + 6*i + 4. Let j be k(5). Let x(b) be the first derivative of b**3/3 - 4*b**2 + 9*b - 1. What are the prime factors of x(j)?
2, 3
Let t(k) = -2*k**2 + 7*k - 1. Let m be t(3). Suppose -3*y = m*y - 15. Suppose 5 = b, -2*f - y*f + 5*b = -165. List the prime factors of f.
2, 19
Suppose 16 = -2*d + f + 1037, d - 4*f - 521 = 0. List the prime factors of d.
509
What are the prime factors of (172/129)/(2*(-1)/(-678))?
2, 113
Let q(y) = 1 - 1 + 1 + 4 + 44*y. Let s be q(5). Suppose -118 - s = -7*g. List the prime factors of g.
7
Let a be (-470)/15 - 3/(-9). Let g = 302 + a. What are the prime factors of g?
271
Suppose 33*c - 12*c - 10878 = 0. What are the prime factors of c?
2, 7, 37
Suppose -5*y + 2*y + 12 = 0. Suppose y*t - 141 = -x, 2*t + t - 705 = -5*x. What are the prime factors of x?
3, 47
Let m = -88 - -52. Suppose 99 = -5*p - 11. Let l = p - m. What are the prime factors of l?
2, 7
Suppose -5*a + 283 - 103 = 0. Suppose -25 = -5*z, 4*z + 49 + a = 5*h. List the prime factors of (-7)/(h/(-45)) - -1.
2
Let f = 7 + 3. Suppose t - f*t + 1305 = 0. What are the prime factors of t?
5, 29
Let g = 8 + -8. Let j = 7 + -2. Suppose g = j*w + 15 - 60. List the prime factors of w.
3
Let c(i) = -i**3 + 15*i**2 - 15*i + 19. Let b be c(14). Suppose 72 = b*j - 203. What are the prime factors of j?
5, 11
Let z(c) be the third derivative of c**5/10 - 5*c**4/24 - 5*c**3/6 - 36*c**2. What are the prime factors of z(-4)?
3, 37
Suppose -257 = 4*a - 6*c + c, -2*c - 313 = 5*a. Let n = a - -119. What are the prime factors of n?
2, 7
List the prime factors of (-1)/((-4090)/(-10928) - 111/296).
2, 683
Let z(b) = 4*b**2 - 4*b + 4. What are the prime factors of z(-14)?
2, 211
Suppose -j + 3 = 2*c, -c + 2*j = -2*j - 6. Let i be 310/7 + 6/(-21). Suppose -3*p = 2*p - 4*d - 115, -c*p = -2*d - i. List the prime factors of p.
3
Let r be (-20)/(-16)*(-1 - -57). Suppose -4*a + r - 5 = i, -4*i = -a - 192. List the prime factors of i.
7
Let y(p) = p**3 - 16*p**2 + 19*p + 12. Let v = 45 - 35. Let k be 1/2*v*3. What are the prime factors of y(k)?
2, 3
Suppose 0 = -f + 2*n + 31 - 19, -4*f = -n - 34. List the prime factors of f.
2
Let f be (-7)/(21/12) - -8. Let l = 5 - 3. What are the prime factors of 45 - ((-1 - l) + f)?
2, 11
Suppose -255 = 7*i - 7598. What are the prime factors of i?
1049
Let l(f) = 21*f**2 + 2*f - 3. Let q be l(1). Let h = 15 + q. What are the prime factors of h?
5, 7
Suppose l = 134 - 399. Let w be (-1)/3 + l/15. Let b = 30 + w. What are the prime factors of b?
2, 3
Suppose 2*f = -u + 678, 6*u - u + 3*f - 3355 = 0. List the prime factors of u.
2, 167
Let t = -1379 - -1407. What are the prime factors of t?
2, 7
Let p = 25 + -14. Let y = p - 9. Suppose 2*k + 3*j = 58 - 14, -5*j - 76 = -y*k. What are the prime factors of k?
2, 7
Let o(k) = -k**2 + 23*k - 25. Suppose -3*y - x = 2*y - 85, 20 = -4*x. List the prime factors of o(y).
5, 13
Let a(c) = -42*c + 3. What are the prime factors of a(-7)?
3, 11
Suppose -k - 5*j = -2, k - 6*k = -j - 36. Suppose -5*g = -k*g + 250. What are the prime factors of g?
5
Let p(y) = -y**2 + y - 1. Let f(u) = -2*u**2 - 13*u - 5. Let z(q) = f(q) - p(q). List the prime factors of z(-5).
41
Let a(j) = 3*j**3 + j**2 - 2*j - 1. Let d be a(-2). Let y = 4 - d. What are the prime factors of y?
3, 7
Suppose -g - 1 = 0, -5*u - 5*g = -10*u + 100. Suppose 2*q - 29 = 35. Let s = q - u. What are the prime factors of s?
13
Let a = -35 + 41. Suppose -5*o + 687 = 4*d, 2*o - a*o = 2*d - 546. What are the prime factors of o?
3, 5
Suppose 0 = x + 7 - 9. Suppose -21*j = -x*j - 5472. List the prime factors of j.
2, 3
Suppose 7*z - 15 = 2*z. Let h(f) be the second derivative of f**5/20 - f**4/4 + f**3/2 + 2*f**2 - f. What are the prime factors of h(z)?
13
Let o = 1225 - 695. What are the prime factors of o?
2, 5, 53
Let o = -4913 - -9374. What are the prime factors of o?
3, 1487
Let y(v) be the second derivative of -v**4/12 + v**3 - 3*v**2/2 + 7*v. Let o be y(5). Suppose 6*j + 10 = 2*i + 4*j, -4*j = -i + o. List the prime factors of i.
2, 3
Suppose 6*u - 10*u + 776 = 0. What are the prime factors of u?
2, 97
Let k = -595 - -1073. Suppose 5*y - 747 = k. List the prime factors of y.
5, 7
Let c = -2 + 5. Let u(p) = -5 + c*p - p + p. List the prime factors of u(4).
7
Let y(o) = 26*o + 12. Let m be y(6). Suppose 2*q - m = -60. What are the prime factors of q?
2, 3
Let l(z) = 2*z**3 - 11*z**2 - 4*z - 11. Let y be l(8). Let t = y + -44. What are the prime factors of t?
233
Let b(i) = 3*i**2 - 8*i + 17. What are the prime factors of b(-6)?
173
What are the prime factors of (-80)/10 + 7 + 1100?
7, 157
Suppose 74*h = 59*h + 21165. What are the prime factors of h?
17, 83
Let t(b) = -303*b**3 - 2*b**2 - 3*b - 2. List the prime factors of t(-1).
2, 151
Let y(h) = h**2 - 20*h + 18. Let r be y(19). List the prime factors of 1542/14 - r - (-7)/(-49).
3, 37
Let n(b) = 3*b - 1. Let k be n(2). Suppose -y = k*q + 28, -q + 2*q + 2 = y. Let r = y + 29. List the prime factors of r.
2, 13
Suppose 0 = 3*l + 12, -587 = -0*g - 5*g + 3*l. List the prime factors of g.
5, 23
Suppose -2564 = -5*o + 9476. What are the prime factors of o?
2, 7, 43
Let d(y) = 22*y**3 - 11*y**2 + 1. Let o be d(8). Let n = o - 6021. List the prime factors of n/65 - (-10)/65.
2, 5, 7
Suppose -3*p = -2*p. Let b be (p/(-2))/(-1 - -2). What are the prime factors of ((0 - b) + 3)*5?
3, 5
Let m(p) = 17*p + 10. Let o = 50 + -40. What are the prime factors of m(o)?
2, 3, 5
Suppose 4*m - 20 = -5*q, q - 3*q + 2*m = 10. Let v(f) = -2*f**2 + 116. List the prime factors of v(q).
2, 29
Suppose 0 = -x + 2*x - 2. Let o(q) = -2*q + 4*q - 2 - q**2 + 5*q**2 - q**x. What are the prime factors of o(-3)